09 + 459. What is the hundreds digit of o?
5
Let j(g) = -g**3 + 12*g**2 - 11*g + 2. Let r be j(11). Let x be r/(3*(-2)/(-9)). Suppose x*d = -3, -3*d + 44 = -2*k + 111. What is the units digit of k?
2
Let t(w) = w**2 + 18*w - 97. What is the tens digit of t(17)?
9
Let n(z) = 12*z**2 - 9*z - 8. Let t be n(-5). Let j = -160 + t. What is the tens digit of j?
7
Suppose 0*q - 44 = -q + t, 133 = 3*q - 2*t. Let f be ((-2)/4 - 1)/(3/(-8)). Suppose -m = -f*m + q. What is the tens digit of m?
1
Suppose -5*d + 3*n + 0*n - 11 = 0, 5*d = -5*n + 5. Let y be d/(-4) - (-21)/12. Suppose -y*a + 71 = -9. What is the tens digit of a?
4
Let i = 56 - 39. Suppose -g - 2 = w + 1, 3*w = -g - i. Let t = w - -13. What is the units digit of t?
6
Let j = 14 - 7. Let u = j - 3. Suppose 4*h + u = -12, -2*h - 74 = -2*m. What is the tens digit of m?
3
Let m = 473 + -107. What is the tens digit of m?
6
What is the hundreds digit of (-3)/8 - 3834090/(-1392)?
7
Let t(d) = 17*d + 8. What is the hundreds digit of t(22)?
3
Let s(b) = b - 60. Let o be (0 - 0/1)*-1. Let u be s(o). Let f = -31 - u. What is the units digit of f?
9
Suppose -33 = -5*k - 3*w - w, 3*k - 36 = 3*w. Suppose 128 = 4*o + 2*n, 3*o - 5*n = -4*n + 106. Let m = o - k. What is the tens digit of m?
2
Let o(t) be the first derivative of -3 + 1/4*t**4 + t**2 - t**3 + 5*t. What is the units digit of o(4)?
9
Let h = -177 + 840. What is the units digit of h?
3
Suppose -5*s + 17579 = -4*x, 4*x - 2535 = -s + 976. What is the hundreds digit of s?
5
Let d(v) = 32*v**3 - 3*v**2 - 17*v + 30. What is the tens digit of d(4)?
6
Suppose -3*r + 8*r = 5*n - 10, -2*r = 2*n - 12. Suppose 293 = 2*i + 3*x, -i - n*x - 22 = -171. What is the tens digit of i?
4
Let q(c) be the second derivative of -3*c**3 - 10*c**2 + 18*c. What is the units digit of q(-6)?
8
Suppose 0 = 107*r - 97*r - 760. What is the tens digit of r?
7
Suppose 14*o - 18*o + 726 = -5*i, 0 = -o + 3*i + 185. What is the hundreds digit of o?
1
Let h(z) = z**3 - 11*z**2 + 26*z - 22. Suppose 11 + 61 = 8*a. What is the units digit of h(a)?
0
Let b(d) = -4*d - 4. Let n be b(-10). Suppose 0*h + n = 4*h. What is the units digit of h?
9
Let r = 1755 + -135. What is the hundreds digit of r?
6
Let m(p) = -p**3 - 7*p**2 + 2*p - 8. Let z = 100 + -109. What is the tens digit of m(z)?
3
What is the units digit of 29214/117 - 4/(-13)?
0
Suppose 0 = -3*r - 3*a + 168, 188 = 3*r - 2*a - 0*a. What is the tens digit of r?
6
Suppose 0*i - 24 = -i - 4*p, -2*p - 6 = -4*i. Let b(w) = w - 1. Let l be b(i). What is the tens digit of 49 + 1 + l + 0?
5
Let v be (3 - 4) + 2 + 501. Suppose v = 5*k + 167. What is the units digit of k?
7
Suppose -4*h - h + 3*g = -3843, g = h - 767. What is the tens digit of h?
7
Let n(y) = -y**3 - y + 1. Let f be n(1). Let j be f - (-5)/(15/12). Suppose -b = 2*t - 31, j*b - 60 = 4*t + t. What is the tens digit of b?
2
Suppose -2*a + 1 - 5 = 0. What is the tens digit of 558/4*(a - 24/(-9))?
9
What is the thousands digit of (-8)/60 + ((-55626)/(-45) - -7)?
1
Let c(t) be the third derivative of t**7/2520 + t**6/72 + t**5/30 - 3*t**2. Let i(q) be the third derivative of c(q). What is the tens digit of i(0)?
1
Suppose 0 = p - 1, 0*p = -2*n - 2*p - 4. Let d be (-722)/(-10) - n/(-15). Suppose -6*s - d = -10*s. What is the tens digit of s?
1
Let a be 2/((-6)/(-21)) - 3. Let o be 7/(-1 + a/2). Let n = o + 8. What is the tens digit of n?
1
Let a be 34/(4*1 - 2). Let s(n) = 2*n**3 - n**2 + 1. Let c be s(1). Suppose 5*z = 3*y - 5, c*y + z = -y + a. What is the units digit of y?
5
Suppose 8*u + 35250 = 83*u. What is the units digit of u?
0
Let q = -6 - -3. Let o be (5/q - -2)*9. Suppose -8*r - 5*y = -o*r, -4*r - 3*y + 2 = 0. What is the units digit of r?
2
What is the units digit of 20/25 - (1 + 0)/(-5)?
1
Suppose 2*t + 3*a = 2*a, -3*a = -t. Suppose -7 = -6*d + 2*d + u, -5*d - u + 11 = t. What is the units digit of (3/9)/(d/42)?
7
Let r(w) = 1. Let v(a) = 4*a - 1. Let m(z) = -2*r(z) + v(z). Let o be m(2). Suppose 0 = s - 10 - o. What is the units digit of s?
5
Let m(p) = -5*p**2 + 3*p + 11. Let x(s) = -s**2. Let a(g) = m(g) - 6*x(g). What is the tens digit of a(9)?
1
Let i be ((-42)/(-7))/(1 + 1). Suppose -2*j = i*r - 46, -2*j - r - 92 = -6*j. Let u = j + -12. What is the units digit of u?
1
What is the hundreds digit of ((-75)/10 + 4)*(-66858)/77?
0
What is the units digit of (-4)/((-96)/4413) - 1/(-8)?
4
Let a = -100 + 102. Suppose -u = -a*v + 42, 3*u + 14 = v - 12. What is the tens digit of v?
2
Let r be 1/2 + (-295)/(-10). Let a be 43 - (0 - -2 - 4). What is the units digit of (-19)/(-2) - a/r?
8
Let f(c) = c**2 - 6*c + 4. Let n be f(6). Suppose 0*u = -n*u + 48. What is the tens digit of u?
1
Let h(f) = f**2 + 9*f - 8. Let d be h(-10). Suppose -d*b = t - b - 20, 5*t = -b + 96. What is the tens digit of t?
1
Let x(v) = v**2 + 13*v + 15. Let r be x(-11). Let w = 7 + r. Suppose w = 9*j - 10*j + 9. What is the units digit of j?
9
Let i(f) = f**2 - 3*f. Let o(k) = -k**2 - k - 1. Let j(a) = -i(a) - 2*o(a). What is the tens digit of j(7)?
8
Let l(u) = 2*u**2 + 12*u - 6. Let t be l(-9). Suppose 3*w - 189 = -t. What is the tens digit of w?
4
Suppose 8*j = 4*j - 8. What is the tens digit of 3 + -5*(-3 + j)?
2
Suppose d - 5 = -3. Suppose 5 = -d*p - 3. What is the tens digit of 4*9 - p/(-2)?
3
Suppose -9*o + 0*o = -1647. What is the hundreds digit of o?
1
Let w = 1215 + -602. What is the hundreds digit of w?
6
Let l(z) = 17*z - 8*z**2 - 1 + z**3 - 5*z + 22*z**2. Let d(p) = p**3 + 3*p**2 + 5*p + 2. Let w be d(-3). What is the tens digit of l(w)?
1
Let p(u) = -u**2 + 3*u + 1150. What is the units digit of p(0)?
0
Let t = 35 - -38. Let j = 128 - t. What is the tens digit of j?
5
What is the thousands digit of (-47781)/(-9) + 7/7?
5
Suppose -53 = -14*n + 15*n. Let b = n + 67. What is the tens digit of b?
1
Suppose 0 = m - 1696 + 300. What is the tens digit of m?
9
Suppose 3*s = s + 4. Suppose -2*t + 352 = -4*q, -4*t + 552 = -t + s*q. What is the tens digit of t?
8
Suppose -1374 - 2136 = -13*n. What is the units digit of n?
0
Suppose 63*d + 23015 = 168860. What is the thousands digit of d?
2
Let k(x) be the first derivative of x**3/3 + x**2/2 + 87*x + 12. What is the units digit of k(0)?
7
Let f be (10/(-30))/((-2)/(-6)). Let v = 45 + -114. What is the tens digit of v/f + 1 + 1?
7
Let v(r) = -2*r**2 + 35*r - 9. Let q(p) = 3*p**2 - 54*p + 13. Let c(o) = -5*q(o) - 8*v(o). Let u = -19 + 30. What is the units digit of c(u)?
8
Let s(l) = -l**3 + 2*l**2 + 5*l + 4. Let h be s(-3). Suppose -8 - 4 = -4*g, 3*k - 3*g = 57. Let x = h - k. What is the units digit of x?
2
Suppose 30906 = 2*g + 32*g. What is the tens digit of g?
0
Suppose 3*w - 4*i = 2106, 0 = -9*w + 13*w - i - 2795. What is the units digit of w?
8
Let b be (-731)/(-68) + (-6)/8. Suppose 5*r + 3*k - 1330 = -14, 5*k - b = 0. What is the hundreds digit of r?
2
Let r = -7 + 24. Let p = -14 + r. What is the tens digit of 19 - (-7 + p + 6)?
1
Let d be (663/6 - -2)*2. Suppose -d = 3*f - 8*f. What is the tens digit of f?
4
Let y(x) = x**3 - 9*x**2 + 8*x. Let o be y(8). Suppose p + l - 29 = o, 5*l = 2*p - 5*p + 79. What is the units digit of p?
3
Let b = 35 + -31. Suppose -45 = -b*r + 79. What is the units digit of r?
1
Suppose 10 + 182 = -4*u. Let k be (u/30)/((-2)/5). Suppose -x = -k*x + 39. What is the tens digit of x?
1
Suppose 6*l - 3*l - 99 = 0. Let z(j) = -10 + 0*j + 12 + 2*j - l*j**3. What is the units digit of z(-1)?
3
Suppose 0 = -2*x + 5*v - 665 + 3987, -5*x - 5*v = -8340. What is the tens digit of x?
6
Suppose 33 = -12*x + 9. What is the tens digit of ((-131)/x)/((-2)/(-4))?
3
Suppose -12*h + 3352 = 484. What is the tens digit of h?
3
Let p(r) = r**2 + 7*r + 26. Let t(y) = -3*y**2 - 13*y - 51. Let n(z) = 5*p(z) + 2*t(z). What is the units digit of n(9)?
8
Let s(p) = 8*p + 183. What is the units digit of s(-7)?
7
Suppose 18 = 4*t - 5*m, -5*m - 5 = 4*t - 3. Suppose t = -w, -4 = -u + 2*u + 3*w. Suppose 2*l = 3*z - 32, -l = 3*z + u*l - 27. What is the units digit of z?
0
Let w(b) = b + 14 - b**3 - 13*b**2 + 1 + 4*b**2 + 6. What is the tens digit of w(-9)?
1
Let c(o) = -2*o - 8*o - 21 + 29. What is the units digit of c(-17)?
8
Suppose 0 = -3*n + 3*t + 417, 3*n = -n - 3*t + 584. Let u = -63 + n. What is the units digit of u?
0
Suppose -5*b + 931